ate the remainder when 30 is divided by z.
14
Suppose -3*s - 76 = -5*y - 0*s, -3*s = -y + 20. Let l = -22 - y. Let c = 60 + l. What is the remainder when c is divided by 9?
6
Let v be 38/5 - (-4)/10. Suppose 5*n = 128 - v. Calculate the remainder when 47 is divided by n.
23
Calculate the remainder when ((-1168)/10)/(-2) - 6/(-10) is divided by 15.
14
Let l(u) = u**2 + u + 4. Let i be l(0). Calculate the remainder when 35 is divided by (-4 - i)/4 + 14.
11
Let c = -56 + 76. Let z = 101 - 63. What is the remainder when z is divided by c?
18
Let g = -18 + 248. Calculate the remainder when g is divided by 59.
53
Let g(v) = v + 11. Let d be g(10). Suppose d = a + 2*a. Let z(w) = 18*w**2 + 2*w - 1. What is the remainder when z(1) is divided by a?
5
Let s = 4 - 3. Let v = s - -5. What is the remainder when 4/v - 147/(-9) is divided by 6?
5
Suppose 5*o - 2*k - 53 = -4*k, k + 12 = o. What is the remainder when o is divided by 6?
5
Suppose -j - 2*v = -8, -v = -j + 3*v + 2. Let x = j + -2. Suppose 2*g - 26 = -4*a, -3*a + 11 = -x*g + 85. What is the remainder when g is divided by 9?
8
Let r = -77 - -157. What is the remainder when r is divided by 22?
14
Suppose 2*l = 3*i - 4*i + 25, l = -3*i + 60. Let k(x) = -x**2 + 2*x + 1. Let r be k(3). What is the remainder when i is divided by r*2/12*-15?
4
Suppose 2*l + 2*x + 66 = 358, l = 3*x + 126. Calculate the remainder when l is divided by 36.
33
Let g(l) = -3*l - 8. Calculate the remainder when 13 is divided by g(-4).
1
What is the remainder when 74 is divided by (-1211)/(-49) + 2/7?
24
Suppose 3*q - 3*r = 90, 0 = -3*q - 3*r + 5*r + 88. Let n be 8/2 - 6/3. Suppose -3*o - n*o + 50 = 0. Calculate the remainder when q is divided by o.
8
Calculate the remainder when 30 is divided by (2/(-4))/(1/(-16)).
6
What is the remainder when 12 is divided by (-35)/(-11) - 24/132?
0
Let u be (-9 - -6)/((-3)/2). Suppose -4 = s - u. What is the remainder when 48 + -1 + (s - -3) is divided by 25?
23
Let n(y) = y**3 + 4*y**2 - 14*y - 1. Calculate the remainder when 20 is divided by n(-6).
9
Let t be (6/(-7))/((-2)/14). Suppose -l - 2*l = 5*u + t, 0 = -4*l + 4*u + 24. What is the remainder when 9 is divided by l?
0
Suppose -3*d - 5*a + 204 = 0, d - 9*a + 7*a = 57. Calculate the remainder when 312 is divided by d.
60
Let s(d) = 4*d. Calculate the remainder when s(5) is divided by 11.
9
Let a be 2 - (-6)/9*3. Suppose -3*y + y - a*u + 48 = 0, -4*y - 5*u + 87 = 0. What is the remainder when 33 is divided by y?
15
Suppose -26 = 4*f - 86. What is the remainder when f is divided by (144/(-168))/((-6)/56)?
7
Let y = 42 + -24. Calculate the remainder when y is divided by 5.
3
Suppose -c - 5*z + 101 = -0*z, 3*c + z - 247 = 0. Calculate the remainder when c is divided by 725/35 - (-6)/21.
18
Let a(t) = -6*t + 4. Let b(s) = s**2 - 55*s + 258. Calculate the remainder when a(-4) is divided by b(50).
4
Let g(x) = x**3 - 21*x**2 - 21*x - 13. Calculate the remainder when 53 is divided by g(22).
8
Suppose -r + 12 = -28. What is the remainder when r is divided by (7*-3)/((-6)/4)?
12
Let h(w) = 6*w**3 - w**2. Let k(s) = 23*s + 2. What is the remainder when h(1) is divided by k(0)?
1
Suppose 3*x = -f + 16, 2*f - 4 = 2*x - f. Let z be 6/(((-18)/x)/(-3)). Let o(b) = 2*b**2 - 4*b + 6. What is the remainder when o(z) is divided by 12?
10
Suppose -40 + 10 = -v. What is the remainder when 89 is divided by v?
29
What is the remainder when 207/(2 - 5)*32/(-12) is divided by 31?
29
Suppose 0 = -6*n + 5*n + 24. What is the remainder when 93 is divided by n?
21
Let x = -11 + 38. Suppose 0 = -3*g - 3*z + 54, 0 = -2*g + 2*z + 6 + 14. What is the remainder when x is divided by g?
13
Let g = -14 + 29. Let n = g + -8. Calculate the remainder when 19 is divided by n.
5
Suppose 2*h + 2*h + 2*m - 56 = 0, 2*m - 20 = -h. Suppose -k = -5*b + h, -k + 2*b - 3 = -0*b. Calculate the remainder when 4 is divided by k.
1
Let j(m) = 2*m + 38. Let o(l) = 3*l + 37. Let i(n) = 4*j(n) - 3*o(n). Calculate the remainder when i(0) is divided by 22.
19
Let w = -19 - -35. Calculate the remainder when 47 is divided by w.
15
Let k(b) = -b**2 + 15*b - 17. Let h be k(15). Let v = h - -40. Let q(p) = -10*p - 3. Calculate the remainder when q(-7) is divided by v.
21
Suppose 16*o - 19*o + 42 = 0. What is the remainder when o is divided by 4?
2
Let m = 0 + 1. Let l(a) = -m - 1 - a**3 - 5*a**2 + 5. Calculate the remainder when l(-5) is divided by 2.
1
Let t(o) = 13*o - 21. What is the remainder when 35 is divided by t(2)?
0
Suppose y - 5*y + 88 = 0. Calculate the remainder when y is divided by 12.
10
Let w(l) = 2*l**2 + l + 1. Let c(p) = -p + 16. Calculate the remainder when w(-4) is divided by c(6).
9
Let u be (-3 - -1)*(-6)/4. Suppose 3*i + u*s - 9 = 0, 4*i + i + 3*s - 15 = 0. What is the remainder when 2 - i - (1 + -30) is divided by 10?
8
Let x = -3 - -5. Let f(y) = 5*y**3 - 4*y + 5. Let r be f(2). Suppose -3*q - r = -5*k + 159, -4*k - x*q = -148. Calculate the remainder when k is divided by 20.
18
Let t = 8 + -3. Suppose q + t = 3*i, -7*i + 3*i = 4*q + 20. Let s = 24 - q. Calculate the remainder when s is divided by 15.
14
Let i = 0 + 36. Let f = -10 + i. Let t = 32 - 18. What is the remainder when f is divided by t?
12
Let o be (-8)/(((-3)/(-6))/(-1)). Suppose -3*j + 11 = 4*b, -4*j + 0*b - 4*b = -o. Calculate the remainder when j is divided by 2.
1
Let y = -6 + 10. Suppose 3*w + w + 3*c = 133, y*w + c = 127. Let u = w + -21. Calculate the remainder when 18 is divided by u.
8
Let w = 44 + -31. Let c = 170 + -162. What is the remainder when w is divided by c?
5
Let x = 12 - 4. Let o = -1 + -5. What is the remainder when o/(-8) - (-58)/x is divided by 3?
2
Suppose 2*m - 157 = -5*i, 50 = 2*i + 6*m - 2*m. Calculate the remainder when 130 is divided by i.
31
Suppose -5*h = -u + 45 + 16, 0 = 4*u - 4*h - 164. What is the remainder when u is divided by 3/(-2)*114/(-9)?
17
Suppose -5*x = 25, 5*y + x + 2 = 17. Let l be (-2 + y)/(-2) - -5. Suppose l*s + 4*m - 6 - 6 = 0, 5*s - 3*m = 15. Calculate the remainder when 5 is divided by s.
2
Suppose -2*p - 12 = 4. Let y = 15 + p. Calculate the remainder when 13 is divided by y.
6
Let h be 1*(1 + (-4 - -3)). Suppose z + 0*z - 23 = h. Let b = 2 - -10. What is the remainder when z is divided by b?
11
Suppose 2*z = 5 - 1. What is the remainder when 15 is divided by z/(-2)*(-1 - 7)?
7
Suppose -m - 69 = -2*d - 2*m, 54 = 2*d - 4*m. Calculate the remainder when 65 is divided by d.
32
Let h(s) = 5*s - 4 - 4*s + 3*s - 5*s. Let l be h(-6). Suppose l*p = 12 + 40. Calculate the remainder when p is divided by 14.
12
Let q(t) = t**3 - t**2. Let b(p) = 6*p**3 - 10*p**2 + 2*p - 1. Let x(n) = -b(n) + 5*q(n). Calculate the remainder when 25 is divided by x(4).
7
Suppose -58 = -2*z + 40. Calculate the remainder when 95 is divided by z.
46
Let b(r) = 2*r + 1. Let g be b(-2). Let z = g + 9. Let v(c) = c**3 - 9*c**2 + 9*c + 2. What is the remainder when v(8) is divided by z?
4
Suppose -4*y - 5*z + 312 = 0, 0*y + 61 = y - 3*z. Calculate the remainder when y is divided by 19.
16
Suppose 0 = -0*q - 4*q - 8. Let p = 0 + 2. What is the remainder when ((-1 - -2) + -5)/q is divided by p?
0
Suppose 3*o - o + 6 = 5*y, 2 = -4*o + 5*y. Suppose 3*d - 2 = o*d. What is the remainder when (d/1)/(2/13) is divided by 4?
1
Let t = 53 - 25. What is the remainder when 107 is divided by t?
23
Suppose k = -5*f - 4*k + 305, -5*k = 3*f - 187. Calculate the remainder when 235 is divided by f.
58
Suppose s - 276 = -3*s. Calculate the remainder when s is divided by 18.
15
Let d = -36 + 53. What is the remainder when 65 is divided by d?
14
Calculate the remainder when 68 is divided by ((-2)/(-4))/(6/276).
22
Suppose 0 = -k + 11 + 74. Suppose -4*l = l - k. Suppose 139 + 61 = 4*q. What is the remainder when q is divided by l?
16
Let o = -21 - -37. Let t = 34 - o. Suppose -2*m = 5*l - 13, 0 = -2*m - 4*l - 6 + t. Calculate the remainder when 7 is divided by m.
3
Suppose 0 = -2*g + 5*r + 30 - 6, 4*r = 3*g - 29. Suppose -z + 4*z - 126 = 0. Let w = -29 + z. Calculate the remainder when w is divided by g.
6
Let d = -11 - -18. Let k be ((2 - 9) + 2)*-1. Suppose -95 = -0*n - k*n. Calculate the remainder when n is divided by d.
5
Let p = -12 + 24. Suppose -3*h + p = -21. What is the remainder when 32 is divided by h?
